{"id":45,"date":"2026-05-11T13:49:28","date_gmt":"2026-05-11T13:49:28","guid":{"rendered":"https:\/\/gloriacuidadoybelleza.com\/?page_id=45"},"modified":"2026-05-11T13:49:28","modified_gmt":"2026-05-11T13:49:28","slug":"contacto","status":"publish","type":"page","link":"https:\/\/gloriacuidadoybelleza.com\/?page_id=45","title":{"rendered":"Contacto"},"content":{"rendered":"\n<p>Estaremos encantadas de atenderte. Ll\u00e1manos, escr\u00edbenos o ven directamente al centro y te asesoramos sin compromiso.<\/p>\n\n\n\n<h2 class=\"wp-block-heading\">C\u00f3mo llegar<\/h2>\n\n\n\n<p>Estamos en <strong>C\/ Ribadesella 1, bajo derecha<\/strong>, en el barrio de Pumar\u00edn (Gij\u00f3n).<\/p>\n\n\n\n<ul class=\"wp-block-list\">\n\n<li><strong>Aparcamiento:<\/strong> zona azul en la calle y parking p\u00fablico a 100 m.<\/li>\n\n\n<li><strong>Bus:<\/strong> l\u00edneas 1, 4 y 12 (parada Pumar\u00edn).<\/li>\n\n<\/ul>\n\n\n\n<h2 class=\"wp-block-heading\">P\u00eddenos cita<\/h2>\n\n\n\n<p>Si prefieres que te llamemos nosotras, d\u00e9janos tus datos en el formulario y te contactamos en menos de 24 h.<\/p>\n\n\n\n<p><em>Inserta aqu\u00ed tu formulario de contacto (Contact Form 7, WPForms o Forminator) y un bloque de Google Maps con la ubicaci\u00f3n.<\/em><\/p>\n\n\n","protected":false},"excerpt":{"rendered":"<p>Estaremos encantadas de atenderte. Ll\u00e1manos, escr\u00edbenos o ven directamente al centro y te asesoramos sin compromiso. C\u00f3mo llegar Estamos en C\/ Ribadesella 1, bajo derecha, en el barrio de Pumar\u00edn (Gij\u00f3n). P\u00eddenos cita Si prefieres que te llamemos nosotras, d\u00e9janos tus datos en el formulario y te contactamos en menos de 24 h. Inserta aqu\u00ed [&hellip;]<\/p>\n","protected":false},"author":0,"featured_media":0,"parent":0,"menu_order":0,"comment_status":"closed","ping_status":"closed","template":"template-contacto.php","meta":{"footnotes":""},"class_list":["post-45","page","type-page","status-publish","hentry"],"yoast_head":"<!-- This site is optimized with the Yoast SEO plugin v27.5 - https:\/\/yoast.com\/product\/yoast-seo-wordpress\/ -->\n<title>Contacto - Gloria Cuidado y Belleza<\/title>\n<meta name=\"robots\" content=\"index, follow, max-snippet:-1, max-image-preview:large, max-video-preview:-1\" \/>\n<link rel=\"canonical\" href=\"https:\/\/gloriacuidadoybelleza.com\/?page_id=45\" \/>\n<meta property=\"og:locale\" content=\"es_ES\" \/>\n<meta property=\"og:type\" content=\"article\" \/>\n<meta property=\"og:title\" content=\"Contacto - Gloria Cuidado y Belleza\" \/>\n<meta property=\"og:description\" content=\"Estaremos encantadas de atenderte. Ll\u00e1manos, escr\u00edbenos o ven directamente al centro y te asesoramos sin compromiso. C\u00f3mo llegar Estamos en C\/ Ribadesella 1, bajo derecha, en el barrio de Pumar\u00edn (Gij\u00f3n). P\u00eddenos cita Si prefieres que te llamemos nosotras, d\u00e9janos tus datos en el formulario y te contactamos en menos de 24 h. Inserta aqu\u00ed [&hellip;]\" \/>\n<meta property=\"og:url\" content=\"https:\/\/gloriacuidadoybelleza.com\/?page_id=45\" \/>\n<meta property=\"og:site_name\" content=\"Gloria Cuidado y Belleza\" \/>\n<meta name=\"twitter:card\" content=\"summary_large_image\" \/>\n<script type=\"application\/ld+json\" class=\"yoast-schema-graph\">{\"@context\":\"https:\\\/\\\/schema.org\",\"@graph\":[{\"@type\":\"WebPage\",\"@id\":\"https:\\\/\\\/gloriacuidadoybelleza.com\\\/?page_id=45\",\"url\":\"https:\\\/\\\/gloriacuidadoybelleza.com\\\/?page_id=45\",\"name\":\"Contacto - Gloria Cuidado y Belleza\",\"isPartOf\":{\"@id\":\"https:\\\/\\\/gloriacuidadoybelleza.com\\\/#website\"},\"datePublished\":\"2026-05-11T13:49:28+00:00\",\"breadcrumb\":{\"@id\":\"https:\\\/\\\/gloriacuidadoybelleza.com\\\/?page_id=45#breadcrumb\"},\"inLanguage\":\"es\",\"potentialAction\":[{\"@type\":\"ReadAction\",\"target\":[\"https:\\\/\\\/gloriacuidadoybelleza.com\\\/?page_id=45\"]}]},{\"@type\":\"BreadcrumbList\",\"@id\":\"https:\\\/\\\/gloriacuidadoybelleza.com\\\/?page_id=45#breadcrumb\",\"itemListElement\":[{\"@type\":\"ListItem\",\"position\":1,\"name\":\"Portada\",\"item\":\"https:\\\/\\\/gloriacuidadoybelleza.com\\\/?page_id=42\"},{\"@type\":\"ListItem\",\"position\":2,\"name\":\"Contacto\"}]},{\"@type\":\"WebSite\",\"@id\":\"https:\\\/\\\/gloriacuidadoybelleza.com\\\/#website\",\"url\":\"https:\\\/\\\/gloriacuidadoybelleza.com\\\/\",\"name\":\"Gloria Cuidado y Belleza\",\"description\":\"\",\"potentialAction\":[{\"@type\":\"SearchAction\",\"target\":{\"@type\":\"EntryPoint\",\"urlTemplate\":\"https:\\\/\\\/gloriacuidadoybelleza.com\\\/?s={search_term_string}\"},\"query-input\":{\"@type\":\"PropertyValueSpecification\",\"valueRequired\":true,\"valueName\":\"search_term_string\"}}],\"inLanguage\":\"es\"}]}<\/script>\n<!-- \/ Yoast SEO plugin. -->","yoast_head_json":{"title":"Contacto - Gloria Cuidado y Belleza","robots":{"index":"index","follow":"follow","max-snippet":"max-snippet:-1","max-image-preview":"max-image-preview:large","max-video-preview":"max-video-preview:-1"},"canonical":"https:\/\/gloriacuidadoybelleza.com\/?page_id=45","og_locale":"es_ES","og_type":"article","og_title":"Contacto - Gloria Cuidado y Belleza","og_description":"Estaremos encantadas de atenderte. Ll\u00e1manos, escr\u00edbenos o ven directamente al centro y te asesoramos sin compromiso. C\u00f3mo llegar Estamos en C\/ Ribadesella 1, bajo derecha, en el barrio de Pumar\u00edn (Gij\u00f3n). P\u00eddenos cita Si prefieres que te llamemos nosotras, d\u00e9janos tus datos en el formulario y te contactamos en menos de 24 h. Inserta aqu\u00ed [&hellip;]","og_url":"https:\/\/gloriacuidadoybelleza.com\/?page_id=45","og_site_name":"Gloria Cuidado y Belleza","twitter_card":"summary_large_image","schema":{"@context":"https:\/\/schema.org","@graph":[{"@type":"WebPage","@id":"https:\/\/gloriacuidadoybelleza.com\/?page_id=45","url":"https:\/\/gloriacuidadoybelleza.com\/?page_id=45","name":"Contacto - Gloria Cuidado y Belleza","isPartOf":{"@id":"https:\/\/gloriacuidadoybelleza.com\/#website"},"datePublished":"2026-05-11T13:49:28+00:00","breadcrumb":{"@id":"https:\/\/gloriacuidadoybelleza.com\/?page_id=45#breadcrumb"},"inLanguage":"es","potentialAction":[{"@type":"ReadAction","target":["https:\/\/gloriacuidadoybelleza.com\/?page_id=45"]}]},{"@type":"BreadcrumbList","@id":"https:\/\/gloriacuidadoybelleza.com\/?page_id=45#breadcrumb","itemListElement":[{"@type":"ListItem","position":1,"name":"Portada","item":"https:\/\/gloriacuidadoybelleza.com\/?page_id=42"},{"@type":"ListItem","position":2,"name":"Contacto"}]},{"@type":"WebSite","@id":"https:\/\/gloriacuidadoybelleza.com\/#website","url":"https:\/\/gloriacuidadoybelleza.com\/","name":"Gloria Cuidado y Belleza","description":"","potentialAction":[{"@type":"SearchAction","target":{"@type":"EntryPoint","urlTemplate":"https:\/\/gloriacuidadoybelleza.com\/?s={search_term_string}"},"query-input":{"@type":"PropertyValueSpecification","valueRequired":true,"valueName":"search_term_string"}}],"inLanguage":"es"}]}},"_links":{"self":[{"href":"https:\/\/gloriacuidadoybelleza.com\/index.php?rest_route=\/wp\/v2\/pages\/45","targetHints":{"allow":["GET"]}}],"collection":[{"href":"https:\/\/gloriacuidadoybelleza.com\/index.php?rest_route=\/wp\/v2\/pages"}],"about":[{"href":"https:\/\/gloriacuidadoybelleza.com\/index.php?rest_route=\/wp\/v2\/types\/page"}],"replies":[{"embeddable":true,"href":"https:\/\/gloriacuidadoybelleza.com\/index.php?rest_route=%2Fwp%2Fv2%2Fcomments&post=45"}],"version-history":[{"count":0,"href":"https:\/\/gloriacuidadoybelleza.com\/index.php?rest_route=\/wp\/v2\/pages\/45\/revisions"}],"wp:attachment":[{"href":"https:\/\/gloriacuidadoybelleza.com\/index.php?rest_route=%2Fwp%2Fv2%2Fmedia&parent=45"}],"curies":[{"name":"wp","href":"https:\/\/api.w.org\/{rel}","templated":true}]}}